In base 7, what is -2055 + -3?
-2061
In base 10, what is 289 - 10?
279
In base 4, what is 11 - 1222?
-1211
In base 16, what is 2d7 - -1?
2d8
In base 9, what is -76 + 3?
-73
In base 5, what is -3 + 230012?
230004
In base 14, what is -18 + b?
-b
In base 2, what is 10001011 + -11?
10001000
In base 10, what is 13 - 16?
-3
In base 12, what is 6a + 7?
75
In base 3, what is 1102012 + -20?
1101222
In base 3, what is 10 - -200?
210
In base 5, what is 203030 + 4?
203034
In base 5, what is -1 - -121?
120
In base 8, what is -64 + 2?
-62
In base 9, what is -1850 - 0?
-1850
In base 11, what is -110 + -149?
-259
In base 10, what is 31 - -1?
32
In base 14, what is 3 - 112?
-10d
In base 10, what is 159 + -3?
156
In base 14, what is 2 + 37b?
37d
In base 16, what is -4 + -9c5?
-9c9
In base 12, what is 93 - -1?
94
In base 10, what is -10751 - 1?
-10752
In base 6, what is 1250 - 3?
1243
In base 15, what is 76 - 1?
75
In base 14, what is -3 - 26?
-29
In base 15, what is -3 - 1d2?
-1d5
In base 2, what is -101 + -10010000?
-10010101
In base 12, what is -1a + -7?
-25
In base 11, what is 1a52 + 9?
1a60
In base 14, what is -2 + -12?
-14
In base 5, what is 13 - -1120?
1133
In base 8, what is 10 + 6?
16
In base 4, what is 3221110 - -1?
3221111
In base 11, what is -6 + 47?
41
In base 7, what is 202 + -3?
166
In base 13, what is -124 - 1?
-125
In base 11, what is -5 - -52?
48
In base 13, what is -1b + 22b?
210
In base 16, what is 2 + -38?
-36
In base 5, what is 3140 + 2?
3142
In base 12, what is -12 + 137?
125
In base 14, what is -3 + a0?
9b
In base 11, what is a0 - 8?
93
In base 2, what is 1010 - 0?
1010
In base 13, what is 4 + 8c?
93
In base 9, what is 722 + -1?
721
In base 16, what is -956 - 2?
-958
In base 10, what is 11 + -272?
-261
In base 9, what is 10 - 1447?
-1437
In base 2, what is -101 - -1100001?
1011100
In base 10, what is -12 + -4?
-16
In base 4, what is -20023 - -2?
-20021
In base 15, what is -bad - -2?
-bab
In base 7, what is 1020 + -5?
1012
In base 7, what is -1164 + -55?
-1252
In base 13, what is 119 + 7?
123
In base 3, what is -1 - 1121101?
-1121102
In base 13, what is -c + -b2?
-c1
In base 8, what is 5 + 554?
561
In base 7, what is -66 + -44?
-143
In base 3, what is -10 + 120021?
120011
In base 7, what is 11 - -630?
641
In base 4, what is -11033 - -12?
-11021
In base 10, what is -3 + -43?
-46
In base 10, what is -465 + -14?
-479
In base 14, what is 4 + 4a?
50
In base 10, what is -3341 + -4?
-3345
In base 11, what is -84 + -2?
-86
In base 9, what is -351 - 5?
-356
In base 2, what is -110 + 11111?
11001
In base 2, what is 10101 - 1001001?
-110100
In base 6, what is 4 + -250?
-242
In base 3, what is -21212 + 10?
-21202
In base 12, what is -4 + 40?
38
In base 11, what is 29 - -20?
49
In base 13, what is a8 - 4?
a4
In base 5, what is -301 + 1?
-300
In base 13, what is -2a + 5?
-25
In base 6, what is 1054 - -12?
1110
In base 4, what is -2 + 1113?
1111
In base 4, what is 11330 - 22?
11302
In base 8, what is -1 - 6?
-7
In base 3, what is 11010 - -1010?
12020
In base 16, what is -363 + 5?
-35e
In base 12, what is 3 + -14?
-11
In base 16, what is -a4d - 2?
-a4f
In base 16, what is -6 + -4f?
-55
In base 5, what is 12040 - -1?
12041
In base 10, what is -1105 - 5?
-1110
In base 4, what is -122302 + 1?
-122301
In base 13, what is 2 + 395?
397
In base 15, what is -b + 3?
-8
In base 3, what is -2211 - -101?
-2110
In base 6, what is 3 + 10?
13
In base 11, what is -122 - -15?
-108
In base 14, what is -4 - 81?
-85
In base 10, what is 2935 - 2?
2933
In base 3, what is 102 - 10012110?
-10012001
In base 14, what is 1 + 76c?
76d
In base 15, what is 37b + -4?
377
In base 15, what is -72d + d?
-720
In base 10, what is 10 - -59?
69
In base 8, what is -2 - -1632?
1630
In base 6, what is -4 - -3211?
3203
In base 3, what is -102 - -100?
-2
In base 12, what is -a5 - 7?
-b0
In base 5, what is -440 - 3?
-443
In base 15, what is -13a - a?
-145
In base 3, what is -2 - -121?
112
In base 5, what is 4 - 241?
-232
In base 13, what is -11 + -20?
-31
In base 3, what is -1 + -2022?
-2100
In base 7, what is 3 - 20?
-14
In base 8, what is 7463 - -1?
7464
In base 5, what is -13 + -41?
-104
In base 5, what is 14 + -1301?
-1232
In base 11, what is -1 - 445?
-446
In base 14, what is 3 - 76?
-73
In base 3, what is -10 - -10112?
10102
In base 7, what is 0 + -14465?
-14465
In base 6, what is -1 - 420?
-421
In base 8, what is 15 + 33?
50
In base 2, what is 1 + 1?
10
In base 12, what is 1278 - 1?
1277
In base 11, what is -15 - 455?
-46a
In base 9, what is 12178 + -1?
12177
In base 15, what is 2 - -39?
3b
In base 15, what is 28 - -2a?
53
In base 11, what is 1223 + -5?
1219
In base 9, what is -25 - 15?
-41
In base 13, what is b + 384?
392
In base 15, what is -3e + 8?
-36
In base 11, what is 5 - -900?
905
In base 2, what is 110000101010 - 11?
110000100111
In base 10, what is 4 + 23?
27
In base 4, what is 0 + 212?
212
In base 16, what is 17 + -45?
-2e
In base 5, what is 1402 - 2?
1400
In base 6, what is 4 - -1031?
1035
In base 2, what is -11 - -110010?
101111
In base 11, what is -2 - 13?
-15
In base 2, what is -10010010111 + -1?
-10010011000
In base 7, what is -20 + 6?
-11
In base 4, what is 121 - 31?
30
In base 9, what is -778 + -2?
-781
In base 7, what is -1 + 3563?
3562
In base 15, what is 1d2 + 7?
1d9
In base 3, what is 12 - 1012202?
-1012120
In base 14, what is 3d + -6?
37
In base 15, what is -9 + 2d?
24
In base 5, what is -3 - -1430?
1422
In base 15, what is 0 + 34a?
34a
In base 15, what is -2b - 15?
-41
In base 10, what is -3222 - 0?
-3222
In base 3, what is 10 + 20001?
20011
In base 9, what is 72 + -4?
67
In base 4, what is 22002021 + -3?
22002012
In base 9, what is 238 - 10?
228
In base 9, what is -31 - 55?
-86
In base 10, what is 216 + -2?
214
In base 10, what is -78 - -2?
-76
In base 14, what is c + -106?
-d8
In base 3, what is -102 + -10200?
-11002
In base 6, what is -4 + -25?
-33
In base 3, what is 112 - 1010101?
-1002212
In base 11, what is -3031 - 0?
-3031
In base 13, what is 47 + 7?
51
In base 2, what is 101 - -111101?
1000010
In base 15, what is d - -13c?
14a
In base 2, what is -1 - -1111101101001?
1111101101000
In base 4, what is -11301 + 11?
-11230
In base 3, what is 22201 + -12?
22112
In base 15, what is -12 + 5?
-c
In base 10, what is 223 + -4?
219
In base 7, what is 15416 - 0?
15416
In base 6, what is -103442 - -5?
-103433
In base 9, what is -3 + -6302?
-6305
In base 14, what is 3 + 1785?
1788
In base 12, what is -219 - -1?
-218
In base 16, what is -c3 + -2?
-c5
In base 12, what is 429 - -5?
432
In base 7, what is 350 + -5?
342
In base 3, what is 20 + 222110?
222200
In base 7, what is -2 - 123?
-125
In base 10, what is 24 + 1?
25
In base 13, what is -1 - -13?
12
In base 3, what is -2101 + -1112?
-10220
In base 2, what is 11 + -101011000?
-101010101
In base 7, what is 6 - -163?
202
In base 7, what is -1661 + -2?
-1663
In base 13, what is -81a - 0?
-81a
In base 3, what is -21010 + -2?
-21012
In base 3, what is -1 - 11111011?
-11111012
In base 15, what is 5 + 31?
36
In base 3, what is 22 - -210200?
210222
In base 16, what is -1583 + -5?
-1588
In base 13, what is 4a - cb?
-81
In base 15, what is -8 - -d?
5
In base 13, what is -52 - -1?
-51
In base 7, what is -6 + 403?
364
In base 5, what is -320 + 11?
-304
In base 4, what is 200102 - 10?
200032
In base 15, what is -15 + 14?
-1
In base 15, what is 157 - -a?
162
In base 4, what is 1 + 230032?
230033
In base 9, what is 3 - 17?
-14
In base 15, what is 5e - 9?
55
In base 15, what is -53 - -12?
-41
In base 12, what is -b0 + -10?
-100
In base 6, what is 12153 + 0?
12153
In base 10, what is -1 - 17?
-18
In base 11, what is 297 - 0?
297
In base 7, what is 1 + -122?
-121
In base 13, what is -4 - 2?
-6
In base 2, what is -10 - 10100001?
-10100011
In base 16, what is -7 - 21?
-28
In base 15, what is 12 + -387?
-375
In base 14, what is 4 + 1ab?
1b1
In base 2, what is 101011100 + -11001?
101000011
In base 4, what is -223 + -11?
-300
In base 3, what is -2 - -101?
22
In base 11, what is 2 - 1666?
-1664
In base 5, what is 144 - -42?
241
In base 16, what is 350 + 0?
350
In base 14, what is a7 - -4?
ab
In base 5, what is 10 + -3242?
-3232
In base 4, what is 321 - -1301?
2222
In base 13, what is 4 - 6?
-2
In base 16, what is -2 + 4?
2
In base 16, what is 1